{"id":2472,"date":"2022-03-02T17:13:11","date_gmt":"2022-03-02T17:13:11","guid":{"rendered":"https:\/\/cormashop.com.mx\/?post_type=product&#038;p=2472"},"modified":"2025-04-29T19:13:12","modified_gmt":"2025-04-29T19:13:12","slug":"lima-8-pulgadas-c-mango-bimaterial-hoja","status":"publish","type":"product","link":"https:\/\/cormashop.com.mx\/index.php\/product\/lima-8-pulgadas-c-mango-bimaterial-hoja\/","title":{"rendered":"LIMA 8 PULGADAS C\/MANGO BIMATERIAL HOJA"},"content":{"rendered":"<p>Tiene patr\u00f3n de corte \u00fanico para la remoci\u00f3n ligera de materiales<br \/>\nEspaciado de dientes bastardos para prop\u00f3sitos generales de afilado de herramientas y suavizado de materiales<br \/>\nMango ergon\u00f3mico anti-deslizante<br \/>\nAcero de Carbono de alto rendimiento para conservar el filo<br \/>\nLargo 8 pulgadas<\/p>\n","protected":false},"excerpt":{"rendered":"<p>Tiene patr\u00f3n de corte \u00fanico para la remoci\u00f3n ligera de materiales<br \/>\nEspaciado de dientes bastardos para prop\u00f3sitos generales de afilado de herramientas y suavizado de materiales<br \/>\nMango ergon\u00f3mico anti-deslizante<br \/>\nAcero de Carbono de alto rendimiento para conservar el filo<br \/>\nLargo 8 pulgadas<\/p>\n","protected":false},"featured_media":2007,"comment_status":"closed","ping_status":"closed","template":"","meta":[],"product_cat":[68],"product_tag":[],"class_list":["post-2472","product","type-product","status-publish","has-post-thumbnail","hentry","product_cat-stanley"],"_links":{"self":[{"href":"https:\/\/cormashop.com.mx\/index.php\/wp-json\/wp\/v2\/product\/2472","targetHints":{"allow":["GET"]}}],"collection":[{"href":"https:\/\/cormashop.com.mx\/index.php\/wp-json\/wp\/v2\/product"}],"about":[{"href":"https:\/\/cormashop.com.mx\/index.php\/wp-json\/wp\/v2\/types\/product"}],"replies":[{"embeddable":true,"href":"https:\/\/cormashop.com.mx\/index.php\/wp-json\/wp\/v2\/comments?post=2472"}],"wp:featuredmedia":[{"embeddable":true,"href":"https:\/\/cormashop.com.mx\/index.php\/wp-json\/wp\/v2\/media\/2007"}],"wp:attachment":[{"href":"https:\/\/cormashop.com.mx\/index.php\/wp-json\/wp\/v2\/media?parent=2472"}],"wp:term":[{"taxonomy":"product_cat","embeddable":true,"href":"https:\/\/cormashop.com.mx\/index.php\/wp-json\/wp\/v2\/product_cat?post=2472"},{"taxonomy":"product_tag","embeddable":true,"href":"https:\/\/cormashop.com.mx\/index.php\/wp-json\/wp\/v2\/product_tag?post=2472"}],"curies":[{"name":"wp","href":"https:\/\/api.w.org\/{rel}","templated":true}]}}