{"id":2493,"date":"2022-03-02T17:13:13","date_gmt":"2022-03-02T17:13:13","guid":{"rendered":"https:\/\/cormashop.com.mx\/?post_type=product&#038;p=2493"},"modified":"2025-04-29T19:13:10","modified_gmt":"2025-04-29T19:13:10","slug":"taladro-atornillador-1-2-con-percusion","status":"publish","type":"product","link":"https:\/\/cormashop.com.mx\/index.php\/product\/taladro-atornillador-1-2-con-percusion\/","title":{"rendered":"TALADRO\/ATORNILLADOR 1\/2&#8243; CON PERCUSION"},"content":{"rendered":"<p>Complementa tus herramientas con el incre\u00edble rotomartillo de 1\/2 inal\u00e1mbrico de la marca Dewalt y prep\u00e1rate para realizar tus proyectos con gran calidad y comodidad.<br \/>\n&#8211; Podr\u00e1s disfrutar de un mango ergon\u00f3mico que te brindar\u00e1 la comodidad y control necesaria a la hora de trabajar, adem\u00e1s cuenta con 7 brocas ideales para concreto.&#8221;<\/p>\n","protected":false},"excerpt":{"rendered":"<p>Complementa tus herramientas con el incre\u00edble rotomartillo de 1\/2 inal\u00e1mbrico de la marca Dewalt y prep\u00e1rate para realizar tus proyectos con gran calidad y comodidad.<br \/>\n&#8211; Podr\u00e1s disfrutar de un mango ergon\u00f3mico que te brindar\u00e1 la comodidad y control necesaria a la hora de trabajar, adem\u00e1s cuenta con 7 brocas ideales para concreto.<\/p>\n","protected":false},"featured_media":2028,"comment_status":"closed","ping_status":"closed","template":"","meta":[],"product_cat":[69],"product_tag":[],"class_list":["post-2493","product","type-product","status-publish","has-post-thumbnail","hentry","product_cat-dewalt"],"_links":{"self":[{"href":"https:\/\/cormashop.com.mx\/index.php\/wp-json\/wp\/v2\/product\/2493","targetHints":{"allow":["GET"]}}],"collection":[{"href":"https:\/\/cormashop.com.mx\/index.php\/wp-json\/wp\/v2\/product"}],"about":[{"href":"https:\/\/cormashop.com.mx\/index.php\/wp-json\/wp\/v2\/types\/product"}],"replies":[{"embeddable":true,"href":"https:\/\/cormashop.com.mx\/index.php\/wp-json\/wp\/v2\/comments?post=2493"}],"wp:featuredmedia":[{"embeddable":true,"href":"https:\/\/cormashop.com.mx\/index.php\/wp-json\/wp\/v2\/media\/2028"}],"wp:attachment":[{"href":"https:\/\/cormashop.com.mx\/index.php\/wp-json\/wp\/v2\/media?parent=2493"}],"wp:term":[{"taxonomy":"product_cat","embeddable":true,"href":"https:\/\/cormashop.com.mx\/index.php\/wp-json\/wp\/v2\/product_cat?post=2493"},{"taxonomy":"product_tag","embeddable":true,"href":"https:\/\/cormashop.com.mx\/index.php\/wp-json\/wp\/v2\/product_tag?post=2493"}],"curies":[{"name":"wp","href":"https:\/\/api.w.org\/{rel}","templated":true}]}}