{"id":2508,"date":"2022-03-02T17:13:21","date_gmt":"2022-03-02T17:13:21","guid":{"rendered":"https:\/\/cormashop.com.mx\/?post_type=product&#038;p=2508"},"modified":"2025-04-29T19:13:09","modified_gmt":"2025-04-29T19:13:09","slug":"cincel-plano-3x-20-hexagonal-1-1-8-pa","status":"publish","type":"product","link":"https:\/\/cormashop.com.mx\/index.php\/product\/cincel-plano-3x-20-hexagonal-1-1-8-pa\/","title":{"rendered":"CINCEL PLANO 3&#8243;X 20&#8243; HEXAGONAL 1-1\/8&#8243; PA"},"content":{"rendered":"<p>Gu\u00eda general de afilado de cinceles.Solamente utilizando cinceles perfectamente afilados se pueden lograr buenos resultados. Por eso es importante afilar los cinceles con suficiente antelaci\u00f3n. As\u00ed obtendr\u00e1 una mayor duraci\u00f3n de los cinceles y un mejor rendimiento en el trabajo.<br \/>\nReafilado: Los cinceles deben reafilarse con muela bajo el aporte constante de agua. Valores orientativos en la figura. El afilado debe realizarse con precauci\u00f3n para no alcanzar temperaturas de revenido en los filos, lo que mermar\u00eda la dureza del metal<\/p>\n","protected":false},"excerpt":{"rendered":"<p>Encastre hex\u00e1gonal de 28mm. de v\u00e1stago mixto (cu\u00f1ero y anillo) . Utilizables tanto en rompe pavimentos neum\u00e1ticos como electro-neum\u00e1ticos.<br \/>\nLa l\u00ednea de cinceles utilizada en el rompe pavimentos DEWALT combina los dos sistemas (cu\u00f1ero y anillo) protegiendo el portaherramientas de la m\u00e1quina, aumentando su vida \u00fatil y disminuyendo notablemente el costo de mantenimiento de la m\u00e1quina.<\/p>\n","protected":false},"featured_media":2043,"comment_status":"closed","ping_status":"closed","template":"","meta":[],"product_cat":[69],"product_tag":[],"class_list":["post-2508","product","type-product","status-publish","has-post-thumbnail","hentry","product_cat-dewalt"],"_links":{"self":[{"href":"https:\/\/cormashop.com.mx\/index.php\/wp-json\/wp\/v2\/product\/2508","targetHints":{"allow":["GET"]}}],"collection":[{"href":"https:\/\/cormashop.com.mx\/index.php\/wp-json\/wp\/v2\/product"}],"about":[{"href":"https:\/\/cormashop.com.mx\/index.php\/wp-json\/wp\/v2\/types\/product"}],"replies":[{"embeddable":true,"href":"https:\/\/cormashop.com.mx\/index.php\/wp-json\/wp\/v2\/comments?post=2508"}],"wp:featuredmedia":[{"embeddable":true,"href":"https:\/\/cormashop.com.mx\/index.php\/wp-json\/wp\/v2\/media\/2043"}],"wp:attachment":[{"href":"https:\/\/cormashop.com.mx\/index.php\/wp-json\/wp\/v2\/media?parent=2508"}],"wp:term":[{"taxonomy":"product_cat","embeddable":true,"href":"https:\/\/cormashop.com.mx\/index.php\/wp-json\/wp\/v2\/product_cat?post=2508"},{"taxonomy":"product_tag","embeddable":true,"href":"https:\/\/cormashop.com.mx\/index.php\/wp-json\/wp\/v2\/product_tag?post=2508"}],"curies":[{"name":"wp","href":"https:\/\/api.w.org\/{rel}","templated":true}]}}