{"id":2513,"date":"2022-03-02T17:13:22","date_gmt":"2022-03-02T17:13:22","guid":{"rendered":"https:\/\/cormashop.com.mx\/?post_type=product&#038;p=2513"},"modified":"2025-04-29T19:13:09","modified_gmt":"2025-04-29T19:13:09","slug":"disco-rin-segmentado-14-para-corte-de-m","status":"publish","type":"product","link":"https:\/\/cormashop.com.mx\/index.php\/product\/disco-rin-segmentado-14-para-corte-de-m\/","title":{"rendered":"DISCO RIN SEGMENTADO 14&#8243; PARA CORTE DE M"},"content":{"rendered":"<p>Centro de la hoja de acero: Profundidad de corte constante, capacidad y estabilidad de un centro s\u00f3lido.<\/p>\n<p>\u2022 Corta metal, concreto, pl\u00e1stico, fibra de vidrio, goma, metales no ferrosos y otros materiales suaves sin sobrecargar al disco.<br \/>\n&#8211; Di\u00e1metro: 14&#8243; (356 mm)<br \/>\n&#8211; Eje: 1&#8243; (2.54 mm)<br \/>\n&#8211; RPM m\u00e1x.: 4,300<\/p>\n","protected":false},"excerpt":{"rendered":"<p>Grano de diamante de primera calidad: Tiene una vida \u00fatil 100 veces m\u00e1s prolongada que las hojas abrasivas est\u00e1ndar.<\/p>\n<p>\u2022 Tecnolog\u00eda avanzada de cobre soldadura: Corta metal con la velocidad de un disco abrasivo convencional.<\/p>\n","protected":false},"featured_media":2048,"comment_status":"closed","ping_status":"closed","template":"","meta":[],"product_cat":[69],"product_tag":[],"class_list":["post-2513","product","type-product","status-publish","has-post-thumbnail","hentry","product_cat-dewalt"],"_links":{"self":[{"href":"https:\/\/cormashop.com.mx\/index.php\/wp-json\/wp\/v2\/product\/2513","targetHints":{"allow":["GET"]}}],"collection":[{"href":"https:\/\/cormashop.com.mx\/index.php\/wp-json\/wp\/v2\/product"}],"about":[{"href":"https:\/\/cormashop.com.mx\/index.php\/wp-json\/wp\/v2\/types\/product"}],"replies":[{"embeddable":true,"href":"https:\/\/cormashop.com.mx\/index.php\/wp-json\/wp\/v2\/comments?post=2513"}],"wp:featuredmedia":[{"embeddable":true,"href":"https:\/\/cormashop.com.mx\/index.php\/wp-json\/wp\/v2\/media\/2048"}],"wp:attachment":[{"href":"https:\/\/cormashop.com.mx\/index.php\/wp-json\/wp\/v2\/media?parent=2513"}],"wp:term":[{"taxonomy":"product_cat","embeddable":true,"href":"https:\/\/cormashop.com.mx\/index.php\/wp-json\/wp\/v2\/product_cat?post=2513"},{"taxonomy":"product_tag","embeddable":true,"href":"https:\/\/cormashop.com.mx\/index.php\/wp-json\/wp\/v2\/product_tag?post=2513"}],"curies":[{"name":"wp","href":"https:\/\/api.w.org\/{rel}","templated":true}]}}