{"id":2546,"date":"2022-03-02T17:13:31","date_gmt":"2022-03-02T17:13:31","guid":{"rendered":"https:\/\/cormashop.com.mx\/?post_type=product&#038;p=2546"},"modified":"2025-04-29T19:13:06","modified_gmt":"2025-04-29T19:13:06","slug":"laser-de-nivelacion-automatica","status":"publish","type":"product","link":"https:\/\/cormashop.com.mx\/index.php\/product\/laser-de-nivelacion-automatica\/","title":{"rendered":"L\u00c1SER DE NIVELACI\u00d3N AUTOM\u00c1TICA"},"content":{"rendered":"","protected":false},"excerpt":{"rendered":"<p>Detecta clavos de madera, metal y cables de CA con corriente<br \/>\nL\u00e1ser de nivelaci\u00f3n autom\u00e1tica<br \/>\nPantalla LCD para un f\u00e1cil manejo<br \/>\nMontaje y accesorios para montar en pared inclu\u00eddos<br \/>\n2 herramientas en 1 (l\u00e1ser de nivelaci\u00f3n autom\u00e1tica y sensor de perno<br \/>\nInterior 20IP<\/p>\n","protected":false},"featured_media":2081,"comment_status":"closed","ping_status":"closed","template":"","meta":[],"product_cat":[68],"product_tag":[],"class_list":["post-2546","product","type-product","status-publish","has-post-thumbnail","hentry","product_cat-stanley"],"_links":{"self":[{"href":"https:\/\/cormashop.com.mx\/index.php\/wp-json\/wp\/v2\/product\/2546","targetHints":{"allow":["GET"]}}],"collection":[{"href":"https:\/\/cormashop.com.mx\/index.php\/wp-json\/wp\/v2\/product"}],"about":[{"href":"https:\/\/cormashop.com.mx\/index.php\/wp-json\/wp\/v2\/types\/product"}],"replies":[{"embeddable":true,"href":"https:\/\/cormashop.com.mx\/index.php\/wp-json\/wp\/v2\/comments?post=2546"}],"wp:featuredmedia":[{"embeddable":true,"href":"https:\/\/cormashop.com.mx\/index.php\/wp-json\/wp\/v2\/media\/2081"}],"wp:attachment":[{"href":"https:\/\/cormashop.com.mx\/index.php\/wp-json\/wp\/v2\/media?parent=2546"}],"wp:term":[{"taxonomy":"product_cat","embeddable":true,"href":"https:\/\/cormashop.com.mx\/index.php\/wp-json\/wp\/v2\/product_cat?post=2546"},{"taxonomy":"product_tag","embeddable":true,"href":"https:\/\/cormashop.com.mx\/index.php\/wp-json\/wp\/v2\/product_tag?post=2546"}],"curies":[{"name":"wp","href":"https:\/\/api.w.org\/{rel}","templated":true}]}}