{"id":2557,"date":"2022-03-02T17:13:32","date_gmt":"2022-03-02T17:13:32","guid":{"rendered":"https:\/\/cormashop.com.mx\/?post_type=product&#038;p=2557"},"modified":"2025-04-29T19:13:06","modified_gmt":"2025-04-29T19:13:06","slug":"pulidora-1300w-7-b-d","status":"publish","type":"product","link":"https:\/\/cormashop.com.mx\/index.php\/product\/pulidora-1300w-7-b-d\/","title":{"rendered":"PULIDORA 1300W 7&#8243; B + D"},"content":{"rendered":"","protected":false},"excerpt":{"rendered":"<p>La lijadora Black&#038;Decker es tambi\u00e9n pulidora, por lo que es perfecta para dejar un mejor acabado en los pulidos automotrices. Para mayor seguridad cuenta con interruptor de bloqueo para uso continuo y posee mango lateral que podr\u00e1s ajustar a la posici\u00f3n m\u00e1s c\u00f3moda. Si\u00e9ntete orgulloso de todo lo que puedes lograr con la lijadora-pulidora B&#038;D.<\/p>\n","protected":false},"featured_media":2092,"comment_status":"closed","ping_status":"closed","template":"","meta":[],"product_cat":[80],"product_tag":[],"class_list":["post-2557","product","type-product","status-publish","has-post-thumbnail","hentry","product_cat-black-decker-2"],"_links":{"self":[{"href":"https:\/\/cormashop.com.mx\/index.php\/wp-json\/wp\/v2\/product\/2557","targetHints":{"allow":["GET"]}}],"collection":[{"href":"https:\/\/cormashop.com.mx\/index.php\/wp-json\/wp\/v2\/product"}],"about":[{"href":"https:\/\/cormashop.com.mx\/index.php\/wp-json\/wp\/v2\/types\/product"}],"replies":[{"embeddable":true,"href":"https:\/\/cormashop.com.mx\/index.php\/wp-json\/wp\/v2\/comments?post=2557"}],"wp:featuredmedia":[{"embeddable":true,"href":"https:\/\/cormashop.com.mx\/index.php\/wp-json\/wp\/v2\/media\/2092"}],"wp:attachment":[{"href":"https:\/\/cormashop.com.mx\/index.php\/wp-json\/wp\/v2\/media?parent=2557"}],"wp:term":[{"taxonomy":"product_cat","embeddable":true,"href":"https:\/\/cormashop.com.mx\/index.php\/wp-json\/wp\/v2\/product_cat?post=2557"},{"taxonomy":"product_tag","embeddable":true,"href":"https:\/\/cormashop.com.mx\/index.php\/wp-json\/wp\/v2\/product_tag?post=2557"}],"curies":[{"name":"wp","href":"https:\/\/api.w.org\/{rel}","templated":true}]}}