{"id":2660,"date":"2022-04-20T16:44:18","date_gmt":"2022-04-20T16:44:18","guid":{"rendered":"https:\/\/cormashop.com.mx\/?post_type=product&#038;p=2660"},"modified":"2025-04-29T19:13:05","modified_gmt":"2025-04-29T19:13:05","slug":"adhesivo-instantaneo-3m-scotch-weld-ca40-amarillo","status":"publish","type":"product","link":"https:\/\/cormashop.com.mx\/index.php\/product\/adhesivo-instantaneo-3m-scotch-weld-ca40-amarillo\/","title":{"rendered":"Adhesivo Instant\u00e1neo 3M\u2122 Scotch-Weld\u2122 CA40, Amarillo."},"content":{"rendered":"<ul class=\"MMM--pdpList SNAPS--bullets\">\n<li>Muy r\u00e1pido alistamiento<\/li>\n<li>Excelente uni\u00f3n a EPDM y gran mayor\u00eda de cauchos y pl\u00e1sticos<\/li>\n<li>Alta fuerza<\/li>\n<li>Industria general, metalmec\u00e1nica, mantenimiento, reparaciones, equipos de construcci\u00f3n, equipos de agricultura, industria de pl\u00e1sticos y cauchos, m\u00e9dicos, bienes deportivos, energ\u00eda solar, compuestos, electr\u00f3nicos, militar, transporte y aeroespacial<\/li>\n<li>Uni\u00f3n, pegado, ensamble y fijaci\u00f3n.<\/li>\n<\/ul>\n<p class=\"SNAPS--pdpTabDes\">Adhesivo Instant\u00e1neo Scotch-Weld\u2122 3M\u2122 CA40, baja viscosidad, muy r\u00e1pido alistamiento para cauchos y elast\u00f3meros.<\/p>\n<p class=\"SNAPS--pdpTabDes\">\n<p class=\"MMM--gapBottom\"><strong class=\"MMM--txt_bold\">Aprieta para sacar una gota precisa o escurre para un cord\u00f3n uniforme<\/strong><br \/>\nNuestro adhesivo instant\u00e1neo 3M&amp;trade| Scotch-Weld&amp;trade| CA40 es un pegamento que se aplica f\u00e1cilmente con una l\u00ednea de uni\u00f3n fina de una botella de compresi\u00f3n y se cura r\u00e1pidamente. Este adhesivo de cianoacrilato se dispensa desde un recipiente flexible| aprieta para sacar una gota precisa o escurre para un cord\u00f3n uniforme.<\/p>\n<p class=\"MMM--gapBottom\"><strong class=\"MMM--txt_bold\">Aplicaciones recomendadas<\/strong><\/p>\n<ul class=\"MMM--pdpList SNAPS--bullets\">\n<li>Uni\u00f3n de juntas<\/li>\n<li>Uni\u00f3n de juntas peque\u00f1as<\/li>\n<li>Ensamblaje de joyas<\/li>\n<li>Ortopedia y calzado<\/li>\n<\/ul>\n<p class=\"MMM--gapBottom\"><strong class=\"MMM--txt_bold\">Crea una uni\u00f3n fuerte, duradera y resistente<\/strong><br \/>\nUna vez aplicado, nuestros adhesivos instant\u00e1neos 3M&amp;trade| Scotch-Weld&amp;trade| CA40 alcanzan, generalmente, la resistencia de manejo en menos de 20\u00a0segundos, con un curado completo a las 24\u00a0horas. Esto permite que los trabajos se muevan r\u00e1pidamente y puede ayudar a mejorar la productividad en el lugar de trabajo. Una vez que se logra un curado completo, el pegamento logra una uni\u00f3n fuerte, duradera y resistente, con una resistencia al corte superpuesto de m\u00e1s de 2.000\u00a0psi.<\/p>\n<p class=\"MMM--gapBottom\"><strong class=\"MMM--txt_bold\">Qu\u00e9 son los adhesivos instant\u00e1neos<\/strong><br \/>\nLos adhesivos instant\u00e1neos son f\u00f3rmulas a base de cianoacrilato que generan colas fuertes y de acci\u00f3n r\u00e1pida utilizadas en aplicaciones industriales y dom\u00e9sticas. En general, son una resina acr\u00edlica que se polimeriza r\u00e1pidamente en presencia de humedad, formando cadenas largas y fuertes que unen las superficies.<\/p>\n<p class=\"MMM--gapBottom\">Los adhesivos de cianoacrilato deben aplicarse en forma medida, aplicando presi\u00f3n sobre la uni\u00f3n durante unos segundos, para garantizar que la reacci\u00f3n avance r\u00e1pidamente y se forme una uni\u00f3n fuerte en un tiempo razonable.<\/p>\n<p class=\"MMM--gapBottom\">Los adhesivos instant\u00e1neos 3M se aplican directamente desde el contenedor y alcanzan r\u00e1pidamente la resistencia a la manipulaci\u00f3n a temperatura ambiente. Com\u00fanmente conocido como s\u00faper pegamento, una sola gota por pulgada cuadrada puede unir distintos pl\u00e1sticos, cauchos, metales, madera y m\u00e1s. Un adhesivo instant\u00e1neo de 3M estableci\u00f3 un r\u00e9cord mundial Guinness en\u00a02012 por ser el pegamento m\u00e1s fuerte al levantar una carretilla elevadora de 8.1\u00a0toneladas m\u00e9tricas en el aire durante una hora.<\/p>\n<p class=\"MMM--gapBottom\"><strong class=\"MMM--txt_bold\">Implementamos mejores ideas a trav\u00e9s de la ciencia y la innovaci\u00f3n<\/strong><br \/>\nEn la divisi\u00f3n de cintas y adhesivos industriales de 3M, aplicamos la ciencia de la adhesi\u00f3n para ofrecer soluciones innovadoras que mejoran los procesos de dise\u00f1o y manufactura de empresas alrededor del mundo. Al final, nuestras tecnolog\u00edas ayudan a los clientes como t\u00fa a llevar productos competitivos al mercado de manera m\u00e1s r\u00e1pida y eficiente.<\/p>\n<p>&nbsp;<\/p>\n<p class=\"SNAPS--pdpTabDes\">\n<h4 class=\"MMM--hdg MMM--pdpTabVr SNAPS--pdpTabVr\">Aplicaciones sugeridas<\/h4>\n<ul class=\"MMM--pdpList SNAPS--bullets\">\n<li>Industria general, metalmec\u00e1nica, mantenimiento, reparaciones, equipos de construcci\u00f3n, equipos de agricultura, industria de pl\u00e1sticos y cauchos, m\u00e9dicos, bienes deportivos, energ\u00eda solar, compuestos, electr\u00f3nicos, militar, transporte y aeroespacial<\/li>\n<\/ul>\n","protected":false},"excerpt":{"rendered":"<ul class=\"MMM--pdpList SNAPS--bullets js--bnftsPdPList\">\n<li>Muy r\u00e1pido alistamiento<\/li>\n<li>Excelente uni\u00f3n a EPDM y gran mayor\u00eda de cauchos y pl\u00e1sticos<\/li>\n<li>Alta fuerza<\/li>\n<li>Industria general, metalmec\u00e1nica, mantenimiento, reparaciones, equipos de construcci\u00f3n, equipos de agricultura, industria de pl\u00e1sticos y cauchos, m\u00e9dicos, bienes deportivos, energ\u00eda solar, compuestos, electr\u00f3nicos, militar, transporte y aeroespacial.<\/li>\n<\/ul>\n","protected":false},"featured_media":2661,"comment_status":"open","ping_status":"closed","template":"","meta":[],"product_cat":[67],"product_tag":[],"class_list":["post-2660","product","type-product","status-publish","has-post-thumbnail","hentry","product_cat-3m"],"_links":{"self":[{"href":"https:\/\/cormashop.com.mx\/index.php\/wp-json\/wp\/v2\/product\/2660","targetHints":{"allow":["GET"]}}],"collection":[{"href":"https:\/\/cormashop.com.mx\/index.php\/wp-json\/wp\/v2\/product"}],"about":[{"href":"https:\/\/cormashop.com.mx\/index.php\/wp-json\/wp\/v2\/types\/product"}],"replies":[{"embeddable":true,"href":"https:\/\/cormashop.com.mx\/index.php\/wp-json\/wp\/v2\/comments?post=2660"}],"wp:featuredmedia":[{"embeddable":true,"href":"https:\/\/cormashop.com.mx\/index.php\/wp-json\/wp\/v2\/media\/2661"}],"wp:attachment":[{"href":"https:\/\/cormashop.com.mx\/index.php\/wp-json\/wp\/v2\/media?parent=2660"}],"wp:term":[{"taxonomy":"product_cat","embeddable":true,"href":"https:\/\/cormashop.com.mx\/index.php\/wp-json\/wp\/v2\/product_cat?post=2660"},{"taxonomy":"product_tag","embeddable":true,"href":"https:\/\/cormashop.com.mx\/index.php\/wp-json\/wp\/v2\/product_tag?post=2660"}],"curies":[{"name":"wp","href":"https:\/\/api.w.org\/{rel}","templated":true}]}}