{"id":2674,"date":"2022-04-20T17:04:55","date_gmt":"2022-04-20T17:04:55","guid":{"rendered":"https:\/\/cormashop.com.mx\/?post_type=product&#038;p=2674"},"modified":"2025-04-29T19:13:05","modified_gmt":"2025-04-29T19:13:05","slug":"adhesivo-liquido-para-fijar-tornillos-3m-scotch-weld-tl62","status":"publish","type":"product","link":"https:\/\/cormashop.com.mx\/index.php\/product\/adhesivo-liquido-para-fijar-tornillos-3m-scotch-weld-tl62\/","title":{"rendered":"Adhesivo L\u00edquido para Fijar Tornillos 3M\u2122 Scotch-Weld\u2122 TL62."},"content":{"rendered":"<ul class=\"MMM--pdpList SNAPS--bullets\">\n<li>Evita que las tuercas y los pernos se aflojen con\u00a0la vibraci\u00f3n<\/li>\n<li>Rellena y sella las roscas por completo para ayudar a detener la corrosi\u00f3n, el \u00f3xido y las fugas<\/li>\n<li>Elimina la necesidad de arandelas de bloqueo y de otros componentes de\u00a0bloqueo<\/li>\n<li>Rojo, alto par de extracci\u00f3n<\/li>\n<li>Adhesivos anaer\u00f3bicos con amplio tiempo de apertura que se curan r\u00e1pidamente<\/li>\n<\/ul>\n<p class=\"SNAPS--pdpTabDes\">El adhesivo l\u00edquido para fijar tornillos 3M\u2122 Scotch Weld\u2122 TL62 proporciona resistencia a la vibraci\u00f3n, la corrosi\u00f3n y a los golpes para los sujetadores ensamblados. Nuestro adhesivo anaer\u00f3bico rojo con alto par de extracci\u00f3n se dispensa como un producto de viscosidad media mediante un sistema de una parte. Este adhesivo anaer\u00f3bico de tiempo abierto largo cura r\u00e1pidamente en ausencia de aire al ensamblar piezas.<\/p>\n<p class=\"SNAPS--pdpTabDes\">\n<p class=\"MMM--gapBottom\"><strong class=\"MMM--txt_bold\">Evita que las tuercas y los pernos se aflojen con la vibraci\u00f3n<\/strong><br \/>\nNuestro adhesivo l\u00edquido para fijar tornillos 3M\u2122 Scotch-Weld\u2122 TL62 endurece y sella los ensambles roscados para resistir la vibraci\u00f3n y evitar el aflojamiento o la fuga de los sujetadores asegurados. La aplicaci\u00f3n de este adhesivo a los sujetadores antes del apriete elimina la humedad y previene la corrosi\u00f3n. La aplicaci\u00f3n es r\u00e1pida y f\u00e1cil con solo un apret\u00f3n dirigido de la botella. La formulaci\u00f3n anaer\u00f3bica se adhiere a las piezas de metal aceitosas, a las tuercas y los pernos| luego, comienza a curar r\u00e1pidamente formando un pol\u00edmero que sella, asegura y sujeta. Se puede usar un activador para curar a\u00fan m\u00e1s r\u00e1pido o en espacios m\u00e1s grandes. El adhesivo de alta resistencia solo se puede quitar mediante la aplicaci\u00f3n de alta temperatura.<\/p>\n<p class=\"MMM--gapBottom\"><strong class=\"MMM--txt_bold\">Aplicaciones recomendadas<\/strong><\/p>\n<ul class=\"MMM--pdpList SNAPS--bullets\">\n<li>Fijado de tornillos, pernos y tuercas<\/li>\n<li>Distintas aplicaciones seg\u00fan la resistencia a la temperatura, la capacidad de eliminaci\u00f3n y la tolerancia al aceite<\/li>\n<\/ul>\n<p class=\"MMM--gapBottom\"><strong class=\"MMM--txt_bold\">Elimina la necesidad de arandelas de bloqueo y de otros componentes de bloqueo<\/strong><br \/>\nNuestro adhesivo l\u00edquido para fijar tornillos 3M\u2122 Scotch Weld\u2122 TL62 es efectivo para ensambles roscados de bloqueo, para obtener resistencia a la vibraci\u00f3n, para sellar y para uni\u00f3n. Entre sus aplicaciones \u00fatiles, se incluyen los pernos de acceso a las herramientas de m\u00e1quina| los pernos del sistema hidr\u00e1ulico| los pernos de la caja de engranajes o del \u00e1rbol de levas| los tornillos del cabezal de la tapa del cojinete| los tornillos avellanados| y los pernos del rodillo de las cintas transportadoras.<\/p>\n<p class=\"MMM--gapBottom\"><strong class=\"MMM--txt_bold\">Qu\u00e9 son los adhesivos anaer\u00f3bicos<\/strong><br \/>\nLos adhesivos anaer\u00f3bicos est\u00e1n formulados exclusivamente para curarse en ausencia de ox\u00edgeno. El t\u00e9rmino &#8220;anaer\u00f3bico&#8221; significa &#8220;vivir sin aire&#8221; y cuando se excluye el ox\u00edgeno, comienza una reacci\u00f3n qu\u00edmica en cadena que hace que el adhesivo se polimerice. El contacto con el metal acelera el proceso de polimerizaci\u00f3n y tambi\u00e9n acelera r\u00e1pidamente el proceso de curado, formando un pl\u00e1stico reticulado resistente que proporciona una adhesi\u00f3n agresiva con una resistencia efectiva al desgarro.<\/p>\n<p class=\"MMM--gapBottom\">M\u00e1s com\u00fanmente conocidos como fijadores de roscas, selladores de tuber\u00edas, compuestos de retenci\u00f3n y siliconas, estos adhesivos, a menudo, se utilizan para mejorar el sellado, o la fuerza de sujeci\u00f3n, en las roscas de sistemas de sujetadores unidos, como ensambles de tuercas y pernos. Un conjunto de tuerca y perno puede tener un contacto metal a metal de tan solo el 15\u00a0%, por lo cual incluso una peque\u00f1a cantidad de adhesivo anaer\u00f3bico llena f\u00e1cilmente cualquier hueco de aire entre las roscas| luego, este adhesivo se endurece hasta convertirse en un pl\u00e1stico termoestable. Estos adhesivos \u00fanicos son f\u00e1ciles de dispensar, se curan r\u00e1pidamente y proporcionan una fuerza de par efectiva, a la vez que resisten la temperatura y la vibraci\u00f3n y evitan la humedad y los gases, a fin de brindar protecci\u00f3n anticorrosi\u00f3n. Los adhesivos anaer\u00f3bicos pueden disminuir los costos de fabricaci\u00f3n, mejorar la confiabilidad del equipo, reducir el desglose del mercado de piezas de repuestos y reducir las reclamaciones de garant\u00eda.<\/p>\n","protected":false},"excerpt":{"rendered":"<ul class=\"MMM--pdpList SNAPS--bullets js--bnftsPdPList\">\n<li>Evita que las tuercas y los pernos se aflojen con\u00a0la vibraci\u00f3n<\/li>\n<li>Rellena y sella las roscas por completo para ayudar a detener la corrosi\u00f3n, el \u00f3xido y las fugas<\/li>\n<li>Elimina la necesidad de arandelas de bloqueo y de otros componentes de\u00a0bloqueo<\/li>\n<li>Rojo, alto par de extracci\u00f3n.<\/li>\n<\/ul>\n","protected":false},"featured_media":2676,"comment_status":"open","ping_status":"closed","template":"","meta":[],"product_cat":[67],"product_tag":[],"class_list":["post-2674","product","type-product","status-publish","has-post-thumbnail","hentry","product_cat-3m"],"_links":{"self":[{"href":"https:\/\/cormashop.com.mx\/index.php\/wp-json\/wp\/v2\/product\/2674","targetHints":{"allow":["GET"]}}],"collection":[{"href":"https:\/\/cormashop.com.mx\/index.php\/wp-json\/wp\/v2\/product"}],"about":[{"href":"https:\/\/cormashop.com.mx\/index.php\/wp-json\/wp\/v2\/types\/product"}],"replies":[{"embeddable":true,"href":"https:\/\/cormashop.com.mx\/index.php\/wp-json\/wp\/v2\/comments?post=2674"}],"wp:featuredmedia":[{"embeddable":true,"href":"https:\/\/cormashop.com.mx\/index.php\/wp-json\/wp\/v2\/media\/2676"}],"wp:attachment":[{"href":"https:\/\/cormashop.com.mx\/index.php\/wp-json\/wp\/v2\/media?parent=2674"}],"wp:term":[{"taxonomy":"product_cat","embeddable":true,"href":"https:\/\/cormashop.com.mx\/index.php\/wp-json\/wp\/v2\/product_cat?post=2674"},{"taxonomy":"product_tag","embeddable":true,"href":"https:\/\/cormashop.com.mx\/index.php\/wp-json\/wp\/v2\/product_tag?post=2674"}],"curies":[{"name":"wp","href":"https:\/\/api.w.org\/{rel}","templated":true}]}}